 296 = -2*x + 3*x. What is the units digit of 2/((-248)/y + -4)?
5
Let t(p) = 3*p**3 + 96*p**2 - 4*p + 111. What is the hundreds digit of t(-32)?
2
Suppose -5*j = -2*h - 13926, -4*j = 57*h - 52*h - 11154. What is the units digit of j?
6
Let a be 10/(-4)*((-204)/30 - -4). Let f(n) = -2*n**2 + 15*n - 2. Let o be f(a). Suppose v + 107 = 4*k - 84, -5*v + o = 0. What is the units digit of k?
8
Suppose 4*b = 4*o + 3136, 49 = 2*o + 51. Suppose 8*s - 5*s = -4*c + 2353, s - b = -2*c. What is the tens digit of s?
8
Let x(g) = 409*g**3 - 2*g**2 + 1. Let f be x(-1). Let b = -93 - f. What is the units digit of b?
7
Let y = -40 - -327. What is the hundreds digit of 82/y + (-10286)/(-14)?
7
Suppose 0 = -4*j - 7115 - 1157. Let z = -1170 - j. What is the units digit of z?
8
Suppose -4*q + 8*k - 6*k = 188, 2*k = -5*q - 235. Let h = -38 - q. What is the units digit of h?
9
Let t = -1966 + 4936. What is the tens digit of t?
7
Suppose -g = 5*a - 146946, 22362 + 95220 = 4*a - 2*g. What is the thousands digit of a?
9
Let p(t) = t**2 - 5*t + 3. Let o be p(5). Suppose 3*w - 71 + 251 = 3*s, w = -o*s - 80. Let d = w - -150. What is the tens digit of d?
8
Suppose -4469 = -26*d + 30*d - 42449. What is the thousands digit of d?
9
Suppose -6*l + 1155 = l. Suppose z + l = 519. Suppose 7*f - z = f. What is the tens digit of f?
5
Suppose 7*j = 6*j + 2, 0 = 6*d + 2*j - 88186. What is the units digit of d?
7
Suppose 14*c = -142*c + 1103544. What is the units digit of c?
4
Let n(i) = 61*i + 7 - 38*i**2 + 36*i**2 - 3. What is the tens digit of n(15)?
6
Let j(d) = 595*d**2 - 26*d - 81. What is the units digit of j(7)?
2
What is the units digit of ((-1876)/16 + 10)/(9/(-672))?
8
Let x = 86251 + -59139. What is the units digit of x?
2
Suppose 50306 = 7*c + 7298. What is the tens digit of c?
4
Suppose 82*h + 41*h = 795810. What is the thousands digit of h?
6
Suppose y + 3 - 10 = 0, 2*r + 3*y - 63903 = 0. What is the tens digit of r?
4
Let n be (-123)/287 + (-46416)/(-14). Suppose -3*q - 3*p = -n, 11*q - 13*q + 3*p = -2225. What is the units digit of q?
8
Let k(g) = 4*g**2 + 35*g + 88. Let z be (0 + -1)/((-15)/(-285)). What is the units digit of k(z)?
7
Let p(a) = 414*a**2 + 80*a - 91. What is the tens digit of p(-5)?
5
Let a = 2395 + -453. What is the thousands digit of a?
1
Suppose n + 2*d = 15761, 9*d = 5*n + 5*d - 78889. What is the ten thousands digit of n?
1
Let l(y) = -18*y - 9. Let c be l(-6). Suppose o - 421 = -5*z - 2*o, -2*z + 178 = -2*o. Let i = c - z. What is the tens digit of i?
1
What is the units digit of (472296/(-18))/11*(-75)/20?
5
Let o(y) = 2*y**3 - 9*y**2 - 17*y + 4. Let a(s) = -2*s - 42. Let l be a(-25). What is the tens digit of o(l)?
1
Let s = -929 + 1686. Let i = 2222 - s. What is the units digit of i?
5
Let b(s) = -s**3 - s**2 - 3*s - 1. Let v be b(-1). Suppose -v*x - 605 = -43. Let p = -159 - x. What is the tens digit of p?
2
Suppose 0 = -0*a - 4*a + 12. Suppose 3*x + x = 5*b + 1949, 4*b = -a*x - 1553. Let u = b + 561. What is the tens digit of u?
7
What is the tens digit of ((-68)/(-4))/((-91)/(-108563))?
8
Let n be 3/(-3 - (-2055)/686). Let h = n - -990. What is the hundreds digit of h?
3
Let j = 5970 + -3171. Suppose 4*z + 2106 = 7*z + 3*d, j = 4*z - 5*d. What is the tens digit of z?
0
Suppose 7*a = -17*a + 33432. Suppose -5*k = -5027 - a. What is the units digit of k?
4
Suppose 7*m - 1454 - 2305 = 0. Suppose 4*n - 656 = -2*a, -3*n - 2216 + m = -5*a. What is the tens digit of a?
3
Suppose -36*b - 84*b + 5819275 = -43*b. What is the units digit of b?
5
Suppose 0 = 8*k - 13*k + 2470. Suppose -6*t = -k - 1960. What is the units digit of t?
9
Let u(g) = 6*g - 30. Let y be u(5). Suppose 9*r - 75 - 51 = y. What is the hundreds digit of ((-3)/(12/r))/(1/(-38))?
1
Suppose -12*j + 62901 + 87807 = 7*j. What is the hundreds digit of j?
9
Suppose -45*k + 107025 = -20*k. What is the hundreds digit of k?
2
Let y = 114856 - 35858. What is the hundreds digit of y?
9
What is the hundreds digit of (288/144)/(2/7459)?
4
Suppose -26*m = -23*m - 78. Suppose m*i = 11*i + 1965. What is the tens digit of i?
3
Let w = 6342 + 24151. What is the thousands digit of w?
0
Let i(j) = -32*j + 0 + 21*j - 6 + 2*j**2. Let y be i(6). Suppose 428 = 4*x - y*x. What is the tens digit of x?
0
Suppose 7*n - 5 = 9. Suppose -n*l + 9 = l + y, -3*y = 9. Suppose -7*w + 44 = l*w. What is the units digit of w?
4
Suppose -2*u - 2*z = -20660, -2*z + 22 = 20. What is the ten thousands digit of u?
1
Let m(k) be the third derivative of 11*k**4/12 + 26*k**3/3 - 28*k**2. Let w be m(-25). What is the hundreds digit of w/(-4) - 33/22?
1
Let i = 1989 - -1016. Suppose -i = -4*r - 3*q, 2*r - 3*q - 1186 = 339. What is the tens digit of r?
5
Let s(a) = -182*a**2 - 4*a + 5. Let o be s(1). Let j = o + 674. What is the hundreds digit of j?
4
Suppose 0 = -38*n + 31*n + 35. Suppose -n*p = -871 - 364. What is the units digit of p?
7
Suppose 0 = -3*l + p - 5, -p = 2*l + p + 14. Let y be 3 - (-179 - (-4 - l)). Suppose 7*q - 99 - y = 0. What is the tens digit of q?
4
Suppose 5*v + 4*v - 8983 = 2*d, v - d = 1002. What is the tens digit of v?
9
Suppose 2*u - 6 = 0, -u - 5019 = -i + 1264. What is the tens digit of i?
8
Let r(c) = -c**3 + 11*c**2 + 7*c - 10. Let x be r(11). Let q = -164 + 169. Suppose q*l = 23 + x. What is the units digit of l?
8
Suppose -2*r - 2*b = 0, -12*r = -16*r - b + 15. Suppose -2*h + 43*n = 38*n - 1479, 3*n - 3775 = -r*h. What is the hundreds digit of h?
7
Suppose 0 = -2*s - 11*s - 51880 + 452917. What is the thousands digit of s?
0
Suppose -21*v + 7716 + 10029 = 0. Let m = v + -470. What is the hundreds digit of m?
3
Suppose 62 = -2*n + 5*t + 299, 4*t = 4*n - 456. Suppose 0 = -4*m + 4*w + 408, m - 2*w = -4*w + n. What is the units digit of m?
5
Suppose -71*v = -76*v + 84590. What is the thousands digit of v?
6
What is the hundreds digit of (-15)/300*-5 + (-30734)/(-8)?
8
Suppose 18948 + 36342 = -10*b. What is the tens digit of b/(-5) + 13/65 + 2?
0
Let n(y) = 3*y**2 + 4*y - 8. Let p be n(2). Suppose 0 = p*r + 2513 - 7181. What is the units digit of r?
9
Let j be (-84)/7*((-329)/2 - 1). Let c = 3304 - j. What is the hundreds digit of c?
3
Suppose -229 = 3*m + 4838. Let r = m + 3241. What is the thousands digit of r?
1
Let r(p) = -2*p**2 + 32*p - 1. Suppose 18*k + 5*x - 46 = 14*k, -x = -k + 7. What is the hundreds digit of r(k)?
1
Let n(t) = -66585*t - 1406. What is the hundreds digit of n(-1)?
1
Let q(h) = 3*h + 33. Let v(n) = -2*n**3 + 10*n**2 - 3*n - 8. Let l be v(4). Let m be q(l). Suppose 2*p - m - 247 = 0. What is the units digit of p?
8
Suppose -14*n - 84 = -0*n. What is the hundreds digit of (-6573)/14*n/9?
3
Let d = -13395 + 22429. What is the tens digit of d?
3
Suppose -4*k + 17 = -f, -5*k = 2*f - 8*k + 9. Let n(o) = 133*o**2 + 9*o - 36. What is the units digit of n(f)?
8
What is the units digit of (3 - (-24)/(-9))/((2 - -4)/177570)?
5
Suppose -2 = -n + 17. Suppose 0 = 4*r + 2*j - 4, -r + 4*j = -0*r - n. Suppose r*a - 164 = 2*b - 4*b, -5*b = -2*a + 141. What is the units digit of a?
8
Suppose t - 995 = -3*l, 0*t + 3*l + 965 = t. Suppose -5*o + o + t = -2*r, -12 = 3*r. What is the tens digit of o*1 - (-12)/18*3?
4
Suppose 103*r - 184*r + 2422576 = 127*r. What is the thousands digit of r?
1
What is the units digit of ((-272)/(-10))/((-120)/158500*(-10)/6)?
6
Let s be 3/(3 + 0) - (-7 + 3). Let p = 29 - s. What is the tens digit of p?
2
Let d(t) = -t**3 + 8*t**2 - 5*t - 11. Suppose 8 - 3 = -5*f - 5*b, -2*b = -5*f - 40. What is the hundreds digit of d(f)?
5
Let m be 6/(-5)*(-1)/((-9)/(-30)). Suppose 0 = 3*q + 5*b - 1051, 3*b = -m*q - b + 1388. What is the hundreds digit of q?
3
Suppose -3*v + r + 352 = 24, 552 = 5*v - 3*r. Let l = v - -1618. What is the tens digit of l?
2
Let s = -169 - -172. Suppose -5*a - 477 = -2*t, -s*t - 2*a = 3*a - 753. What is the units digit of t?
6
Let u = -156 + 151. What is the hundreds digit of 3/30*u - (-454)/4?
1
Let k = 528 - 526. Suppose 3907 = 4*p + k*x + 3*x, x - 4889 = -5*p. What is the hundreds digit of p?
9
Let c(q) = -q**2 - 126*q - 350. What is the hundreds digit of c(-78)?
3
Let w = -7655 - -18407. What is the units digit of w?
2
Let y(s) be the third derivative of 7*s**4/24 + 23*s**3/3 + 21*s**2 + 3. What is the units digit of y(0)?
6
Suppose -25 + 1 = -